{"id":107,"date":"2023-02-18T19:44:00","date_gmt":"2023-02-18T19:44:00","guid":{"rendered":"http:\/\/avenateandalu.com\/?page_id=107"},"modified":"2023-02-19T09:42:48","modified_gmt":"2023-02-19T09:42:48","slug":"politica-de-privacidad","status":"publish","type":"page","link":"https:\/\/www.avenateandalu.com\/index.php\/politica-de-privacidad\/","title":{"rendered":"Pol\u00edtica de Privacidad."},"content":{"rendered":"\n<p>Francisco Jos\u00e9 Cansino D\u00edaz, con DNI 28.738.590-K, como titular de esta WEB, garantiza el cumplimiento de la normativa vigente en materia de protecci\u00f3n de datos personales, reflejada en la Ley Org\u00e1nica 3\/2018, de 5 de diciembre, de Protecci\u00f3n de Datos Personales y de Garant\u00eda de Derechos Digitales (LOPD GDD).<\/p>\n\n\n\n<p>Nuestra WEB, cumple tambi\u00e9n con el Reglamento (UE) 2016\/679 del Parlamento Europeo y del Consejo de 27 de abril de 2016 relativo a la protecci\u00f3n de las personas f\u00edsicas (RGPD).<\/p>\n\n\n\n<p>No ser\u00e1 necesaria la aportaci\u00f3n de datos para la navegaci\u00f3n por la WEB.<\/p>\n\n\n\n<p>En caso de env\u00edo de correos electr\u00f3nico por parte de las personas que as\u00ed lo deseen, bien para realizar comentarios o alg\u00fan tipo de consulta sobre la WEB y la informaci\u00f3n que muestra, los datos del remitente podr\u00e1n ser recabados para facilitar la posibilidad de contactos futuros y ser almacenados en un fichero totalmente privado por nuestra parte. Dicho fichero ser\u00e1 gestionado por el mismo titular de la WEB y bajo ning\u00fan concepto ser\u00e1 compartido con terceros. S\u00f3lo ser\u00e1 empleado para mantener el contacto con los seguidores del blog.<\/p>\n\n\n\n<p>&nbsp;En caso de no desear que sus datos figuren en dicho fichero, se podr\u00e1 solicitar enviando correo a la misma direcci\u00f3n de e-mail propuesta para contacto con los titulares de la WEB:<\/p>\n\n\n\n<p><a href=\"mailto:info@peque\u00f1osexploradores.es\">avenateandalu@gmail.com<\/a><\/p>\n\n\n\n<p>En su correo se deber\u00e1 indicar que se desea el borrado de la informaci\u00f3n aportada anteriormente por parte del interesado del fichero de datos de \u2018avenateandalu.com\u2019.<\/p>\n\n\n\n<p>Se proceder\u00e1 al borrado de los datos de manera inmediata a la recepci\u00f3n de dicha solicitud.<\/p>\n\n\n\n<p>Los titulares de esta web no se hacen responsables, al no tener ninguna responsabilidad ni titularidad en ellas, de lo que pueda ocurrir con el uso de otras webs con nombres similares a la presente pero con dominios diferentes. Nuestro dominio es:<\/p>\n\n\n\n<p>avenateandalu.com<\/p>\n\n\n\n<p>Pol\u00edtica de Cookies.<\/p>\n\n\n\n<p>Esta web no emplea cookies de tipo comercial. Esta web s\u00f3lo emplea las cookies t\u00e9cnicas que sean necesarias para el correcto funcionamiento de la misma WEB.<\/p>\n\n\n\n<div class=\"wp-block-buttons is-layout-flex wp-block-buttons-is-layout-flex\">\n<div class=\"wp-block-button is-style-outline is-style-outline--1\"><a class=\"wp-block-button__link has-background wp-element-button\" href=\"https:\/\/www.avenateandalu.com\" style=\"border-radius:50px;background-color:#057831\">Volver a Inicio<\/a><\/div>\n<\/div>\n<div class=\"likebtn_container\" style=\"\"><!-- LikeBtn.com BEGIN --><span class=\"likebtn-wrapper\"  data-identifier=\"page_107\"  data-site_id=\"658af34a943ec97271c5d7cc\"  data-lang=\"es\"  data-style=\"\"  data-unlike_allowed=\"\"  data-show_copyright=\"\"  data-item_url=\"https:\/\/www.avenateandalu.com\/index.php\/politica-de-privacidad\/\"  data-item_title=\"Pol\u00edtica de Privacidad.\"  data-item_image=\"https:\/\/www.avenateandalu.com\/wp-content\/uploads\/2023\/02\/LOGO-e1700938371213.jpg\"  data-item_date=\"2023-02-18T19:44:00+00:00\"  data-engine=\"WordPress\"  data-plugin_v=\"2.6.58\"  data-prx=\"https:\/\/www.avenateandalu.com\/wp-admin\/admin-ajax.php?action=likebtn_prx\"  data-event_handler=\"likebtn_eh\" ><\/span><!-- LikeBtn.com END --><\/div>","protected":false},"excerpt":{"rendered":"<p>Francisco Jos\u00e9 Cansino D\u00edaz, con DNI 28.738.590-K, como titular de esta WEB, garantiza el cumplimiento de la normativa vigente en materia de protecci\u00f3n de datos personales, reflejada en la Ley Org\u00e1nica 3\/2018, de 5 de diciembre, de Protecci\u00f3n de Datos Personales y de Garant\u00eda de Derechos Digitales (LOPD GDD). Nuestra WEB, cumple tambi\u00e9n con el &#8230; <a title=\"Pol\u00edtica de Privacidad.\" class=\"read-more\" href=\"https:\/\/www.avenateandalu.com\/index.php\/politica-de-privacidad\/\" aria-label=\"Leer m\u00e1s sobre Pol\u00edtica de Privacidad.\">Leer m\u00e1s<\/a><\/p>\n<div class=\"likebtn_container\" style=\"\"><!-- LikeBtn.com BEGIN --><span class=\"likebtn-wrapper\"  data-identifier=\"page_107\"  data-site_id=\"658af34a943ec97271c5d7cc\"  data-lang=\"es\"  data-style=\"\"  data-unlike_allowed=\"\"  data-show_copyright=\"\"  data-item_url=\"https:\/\/www.avenateandalu.com\/index.php\/politica-de-privacidad\/\"  data-item_title=\"Pol\u00edtica de Privacidad.\"  data-item_image=\"https:\/\/www.avenateandalu.com\/wp-content\/uploads\/2023\/02\/LOGO-e1700938371213.jpg\"  data-item_date=\"2023-02-18T19:44:00+00:00\"  data-engine=\"WordPress\"  data-plugin_v=\"2.6.58\"  data-prx=\"https:\/\/www.avenateandalu.com\/wp-admin\/admin-ajax.php?action=likebtn_prx\"  data-event_handler=\"likebtn_eh\" ><\/span><!-- LikeBtn.com END --><\/div>","protected":false},"author":1,"featured_media":35,"parent":0,"menu_order":0,"comment_status":"closed","ping_status":"closed","template":"","meta":{"_eb_attr":"","footnotes":""},"class_list":["post-107","page","type-page","status-publish","has-post-thumbnail"],"rttpg_featured_image_url":{"full":["https:\/\/www.avenateandalu.com\/wp-content\/uploads\/2023\/02\/LOGO-e1700938371213.jpg",175,175,false],"landscape":["https:\/\/www.avenateandalu.com\/wp-content\/uploads\/2023\/02\/LOGO-e1700938371213.jpg",175,175,false],"portraits":["https:\/\/www.avenateandalu.com\/wp-content\/uploads\/2023\/02\/LOGO-e1700938371213.jpg",175,175,false],"thumbnail":["https:\/\/www.avenateandalu.com\/wp-content\/uploads\/2023\/02\/LOGO-e1700938371213.jpg",150,150,false],"medium":["https:\/\/www.avenateandalu.com\/wp-content\/uploads\/2023\/02\/LOGO-e1700938371213.jpg",175,175,false],"large":["https:\/\/www.avenateandalu.com\/wp-content\/uploads\/2023\/02\/LOGO-e1700938371213.jpg",175,175,false],"1536x1536":["https:\/\/www.avenateandalu.com\/wp-content\/uploads\/2023\/02\/LOGO-e1700938371213.jpg",175,175,false],"2048x2048":["https:\/\/www.avenateandalu.com\/wp-content\/uploads\/2023\/02\/LOGO-e1700938371213.jpg",175,175,false]},"rttpg_author":{"display_name":"Avenate Andal\u00fa","author_link":"https:\/\/www.avenateandalu.com\/index.php\/author\/admin\/"},"rttpg_comment":0,"rttpg_category":null,"rttpg_excerpt":"Francisco Jos\u00e9 Cansino D\u00edaz, con DNI 28.738.590-K, como titular de esta WEB, garantiza el cumplimiento de la normativa vigente en materia de protecci\u00f3n de datos personales, reflejada en la Ley Org\u00e1nica 3\/2018, de 5 de diciembre, de Protecci\u00f3n de Datos Personales y de Garant\u00eda de Derechos Digitales (LOPD GDD). Nuestra WEB, cumple tambi\u00e9n con el&hellip;","_links":{"self":[{"href":"https:\/\/www.avenateandalu.com\/index.php\/wp-json\/wp\/v2\/pages\/107","targetHints":{"allow":["GET"]}}],"collection":[{"href":"https:\/\/www.avenateandalu.com\/index.php\/wp-json\/wp\/v2\/pages"}],"about":[{"href":"https:\/\/www.avenateandalu.com\/index.php\/wp-json\/wp\/v2\/types\/page"}],"author":[{"embeddable":true,"href":"https:\/\/www.avenateandalu.com\/index.php\/wp-json\/wp\/v2\/users\/1"}],"replies":[{"embeddable":true,"href":"https:\/\/www.avenateandalu.com\/index.php\/wp-json\/wp\/v2\/comments?post=107"}],"version-history":[{"count":3,"href":"https:\/\/www.avenateandalu.com\/index.php\/wp-json\/wp\/v2\/pages\/107\/revisions"}],"predecessor-version":[{"id":113,"href":"https:\/\/www.avenateandalu.com\/index.php\/wp-json\/wp\/v2\/pages\/107\/revisions\/113"}],"wp:featuredmedia":[{"embeddable":true,"href":"https:\/\/www.avenateandalu.com\/index.php\/wp-json\/wp\/v2\/media\/35"}],"wp:attachment":[{"href":"https:\/\/www.avenateandalu.com\/index.php\/wp-json\/wp\/v2\/media?parent=107"}],"curies":[{"name":"wp","href":"https:\/\/api.w.org\/{rel}","templated":true}]}}